{"id":1671,"date":"2020-10-25T17:02:05","date_gmt":"2020-10-25T17:02:05","guid":{"rendered":"https:\/\/malasmeigas.com\/?page_id=1671"},"modified":"2024-11-11T19:57:40","modified_gmt":"2024-11-11T19:57:40","slug":"contacto","status":"publish","type":"page","link":"https:\/\/malasmeigas.com\/?page_id=1671","title":{"rendered":"CONTACTO"},"content":{"rendered":"<p id=\"rmjs-1\" class=\"wt-mt-xs-0 wt-text-gray announcement-collapse\" data-readmore=\"\" aria-expanded=\"false\"><span data-inplace-editable-text=\"announcement\" data-endpoint=\"DataPost\" data-key=\"message\" data-placeholder=\"Usa este espacio para compartir informaci\u00f3n importante y actual con los compradores. Puedes mencionar nuevos productos y promociones especiales. Eso s\u00ed, \u00a1procura no alargarte para que puedan empezar a comprar!\" data-add-class=\"display-block\">Somos un taller de Artesan\u00eda situado en Galicia, especializados en la tem\u00e1tica del Camino de Santiago y Arte Celta. Todos nuestros dise\u00f1os son originales y realizados a mano con productos de primera calidad, como cuero, corcho, madera, etc. Siempre atentos a la evoluci\u00f3n de las nuevas tecnolog\u00edas, utilizamos el dise\u00f1o por ordenador y el corte y grabado l\u00e1ser tanto en madera como en acero\u00a0 para el desarrollo de algunos de nuestros productos, sin dejar de utilizar las t\u00e9cnicas del trabajo artesano, haciendo de las manos nuestra principal herramienta. Casi todos los art\u00edculos que aparecen se pueden personalizar, cons\u00faltalo con nosotros.<\/span><\/p>\n<p>Puedes contactar con nosotros si tienes cualquier duda acerca de nuestros productos, si deseas ser un distribuidor, etc.<\/p>\n<p><strong>Estamos en<\/strong><\/p>\n<p>Av. Rosal\u00eda de Castro N\u00ba 56 Local 5 bis, local 3<br \/>\n15895 Milladoiro &#8211; Ames<br \/>\nA Coru\u00f1a<\/p>\n<p><strong>Correo electr\u00f3nico<\/strong><\/p>\n<p><strong>info@malasmeigas.com<\/strong><\/p>\n<p><strong>Tel\u00e9fono<\/strong><\/p>\n<p>609 277 318 \u2013 617 829 735<\/p>\n<p>&nbsp;<\/p>\n","protected":false},"excerpt":{"rendered":"<p>Somos un taller de Artesan\u00eda situado en Galicia, especializados en  [&#8230;]<\/p>\n","protected":false},"author":32,"featured_media":0,"parent":0,"menu_order":0,"comment_status":"closed","ping_status":"closed","template":"","meta":{"footnotes":""},"class_list":["post-1671","page","type-page","status-publish","hentry"],"_links":{"self":[{"href":"https:\/\/malasmeigas.com\/index.php?rest_route=\/wp\/v2\/pages\/1671","targetHints":{"allow":["GET"]}}],"collection":[{"href":"https:\/\/malasmeigas.com\/index.php?rest_route=\/wp\/v2\/pages"}],"about":[{"href":"https:\/\/malasmeigas.com\/index.php?rest_route=\/wp\/v2\/types\/page"}],"author":[{"embeddable":true,"href":"https:\/\/malasmeigas.com\/index.php?rest_route=\/wp\/v2\/users\/32"}],"replies":[{"embeddable":true,"href":"https:\/\/malasmeigas.com\/index.php?rest_route=%2Fwp%2Fv2%2Fcomments&post=1671"}],"version-history":[{"count":7,"href":"https:\/\/malasmeigas.com\/index.php?rest_route=\/wp\/v2\/pages\/1671\/revisions"}],"predecessor-version":[{"id":5239,"href":"https:\/\/malasmeigas.com\/index.php?rest_route=\/wp\/v2\/pages\/1671\/revisions\/5239"}],"wp:attachment":[{"href":"https:\/\/malasmeigas.com\/index.php?rest_route=%2Fwp%2Fv2%2Fmedia&parent=1671"}],"curies":[{"name":"wp","href":"https:\/\/api.w.org\/{rel}","templated":true}]}}