{"id":1581,"date":"2020-10-08T09:35:18","date_gmt":"2020-10-08T09:35:18","guid":{"rendered":"https:\/\/malasmeigas.com\/?post_type=product&#038;p=1581"},"modified":"2024-12-20T17:53:30","modified_gmt":"2024-12-20T17:53:30","slug":"pulsera-elastica-piedras-naturales","status":"publish","type":"product","link":"https:\/\/malasmeigas.com\/?product=pulsera-elastica-piedras-naturales","title":{"rendered":"Pulsera Concha Camino El\u00e1stica Piedras naturales"},"content":{"rendered":"<p>Pulsera El\u00e1stica, confeccionada con piedras naturales de 8 mm y conchas en zamak ba\u00f1ado.<\/p>\n","protected":false},"excerpt":{"rendered":"<p>Pulsera El\u00e1stica, confeccionada con piedras naturales de 8 mm y  [&#8230;]<\/p>\n","protected":false},"featured_media":1586,"comment_status":"open","ping_status":"closed","template":"","meta":[],"product_brand":[],"product_cat":[12,868],"product_tag":[198,78,44,45,132,62,280,32,199,203,279,164,196],"class_list":{"0":"post-1581","1":"product","2":"type-product","3":"status-publish","4":"has-post-thumbnail","6":"product_cat-pulseras","7":"product_cat-pulseras-piedras-naturales","8":"product_tag-bolas-de-lava","9":"product_tag-camino","10":"product_tag-camino-de-santiago","11":"product_tag-concha","12":"product_tag-finisterre","13":"product_tag-flecha","14":"product_tag-piedras-naturales","15":"product_tag-pulsera","16":"product_tag-pulsera-elastica","17":"product_tag-pulsera-piedras","18":"product_tag-pulsera-piedras-naturales","19":"product_tag-pulseras-del-camino","20":"product_tag-pulseras-lava","21":"pa_color-azul-claro","22":"pa_color-azulon","23":"pa_color-fucsia","24":"pa_color-gris","25":"pa_color-lila","26":"pa_color-multicolor","27":"pa_color-negro","28":"pa_color-rojo","29":"pa_color-verde","31":"first","32":"instock","33":"taxable","34":"shipping-taxable","35":"purchasable","36":"product-type-variable"},"_links":{"self":[{"href":"https:\/\/malasmeigas.com\/index.php?rest_route=\/wp\/v2\/product\/1581","targetHints":{"allow":["GET"]}}],"collection":[{"href":"https:\/\/malasmeigas.com\/index.php?rest_route=\/wp\/v2\/product"}],"about":[{"href":"https:\/\/malasmeigas.com\/index.php?rest_route=\/wp\/v2\/types\/product"}],"replies":[{"embeddable":true,"href":"https:\/\/malasmeigas.com\/index.php?rest_route=%2Fwp%2Fv2%2Fcomments&post=1581"}],"wp:featuredmedia":[{"embeddable":true,"href":"https:\/\/malasmeigas.com\/index.php?rest_route=\/wp\/v2\/media\/1586"}],"wp:attachment":[{"href":"https:\/\/malasmeigas.com\/index.php?rest_route=%2Fwp%2Fv2%2Fmedia&parent=1581"}],"wp:term":[{"taxonomy":"product_brand","embeddable":true,"href":"https:\/\/malasmeigas.com\/index.php?rest_route=%2Fwp%2Fv2%2Fproduct_brand&post=1581"},{"taxonomy":"product_cat","embeddable":true,"href":"https:\/\/malasmeigas.com\/index.php?rest_route=%2Fwp%2Fv2%2Fproduct_cat&post=1581"},{"taxonomy":"product_tag","embeddable":true,"href":"https:\/\/malasmeigas.com\/index.php?rest_route=%2Fwp%2Fv2%2Fproduct_tag&post=1581"}],"curies":[{"name":"wp","href":"https:\/\/api.w.org\/{rel}","templated":true}]}}