{"id":2179,"date":"2021-03-24T16:33:14","date_gmt":"2021-03-24T16:33:14","guid":{"rendered":"https:\/\/malasmeigas.com\/?post_type=product&#038;p=2179"},"modified":"2023-02-07T18:11:13","modified_gmt":"2023-02-07T18:11:13","slug":"pm003-placa-madera-para-pared-tres-simbolos","status":"publish","type":"product","link":"https:\/\/malasmeigas.com\/?product=pm003-placa-madera-para-pared-tres-simbolos","title":{"rendered":"Placa Madera para Pared tres s\u00edmbolos"},"content":{"rendered":"<p>Placa realizada en Madera de Ameneiro, medida 286 x 92 x 3 mm. Tres S\u00edmbolos . Elige entre los\u00a0 s\u00edmbolos Celtas los tres que prefieras. Cinta de doble cara en parte trasera para su f\u00e1cil sujeci\u00f3n a la pared.<\/p>\n<p>Posibilidad de personalizaci\u00f3n.<\/p>\n","protected":false},"excerpt":{"rendered":"<p>Placa realizada en Madera de Ameneiro, medida 286 x 92  [&#8230;]<\/p>\n","protected":false},"featured_media":2180,"comment_status":"closed","ping_status":"closed","template":"","meta":[],"product_brand":[],"product_cat":[394,859,387],"product_tag":[174,363,50,51,143,144,215,66,391,392,393,388,389,119,390,53],"class_list":{"0":"post-2179","1":"product","2":"type-product","3":"status-publish","4":"has-post-thumbnail","6":"product_cat-carteles-madera","7":"product_cat-madera-artesana","8":"product_cat-placas-madera","9":"product_tag-arbol-de-la-vida","10":"product_tag-artesania-de-galicia","11":"product_tag-asturias","12":"product_tag-celta","13":"product_tag-euskadi","14":"product_tag-euskalerria","15":"product_tag-grabado-laser","16":"product_tag-lauburu","17":"product_tag-placa-de-pared","18":"product_tag-placa-de-pared-celta","19":"product_tag-placa-de-pared-madera","20":"product_tag-placas-madera","21":"product_tag-placas-para-pared","22":"product_tag-simbolos-celtas","23":"product_tag-simbolos-celtas-para-pared","24":"product_tag-trisquel","25":"pa_simbolo-arbol","26":"pa_simbolo-cruz-celta","27":"pa_simbolo-espiral","28":"pa_simbolo-lauburu","29":"pa_simbolo-nudo-celta","30":"pa_simbolo-triqueta","31":"pa_simbolo-trisquel","33":"first","34":"instock","35":"taxable","36":"shipping-taxable","37":"purchasable","38":"product-type-simple"},"_links":{"self":[{"href":"https:\/\/malasmeigas.com\/index.php?rest_route=\/wp\/v2\/product\/2179","targetHints":{"allow":["GET"]}}],"collection":[{"href":"https:\/\/malasmeigas.com\/index.php?rest_route=\/wp\/v2\/product"}],"about":[{"href":"https:\/\/malasmeigas.com\/index.php?rest_route=\/wp\/v2\/types\/product"}],"replies":[{"embeddable":true,"href":"https:\/\/malasmeigas.com\/index.php?rest_route=%2Fwp%2Fv2%2Fcomments&post=2179"}],"wp:featuredmedia":[{"embeddable":true,"href":"https:\/\/malasmeigas.com\/index.php?rest_route=\/wp\/v2\/media\/2180"}],"wp:attachment":[{"href":"https:\/\/malasmeigas.com\/index.php?rest_route=%2Fwp%2Fv2%2Fmedia&parent=2179"}],"wp:term":[{"taxonomy":"product_brand","embeddable":true,"href":"https:\/\/malasmeigas.com\/index.php?rest_route=%2Fwp%2Fv2%2Fproduct_brand&post=2179"},{"taxonomy":"product_cat","embeddable":true,"href":"https:\/\/malasmeigas.com\/index.php?rest_route=%2Fwp%2Fv2%2Fproduct_cat&post=2179"},{"taxonomy":"product_tag","embeddable":true,"href":"https:\/\/malasmeigas.com\/index.php?rest_route=%2Fwp%2Fv2%2Fproduct_tag&post=2179"}],"curies":[{"name":"wp","href":"https:\/\/api.w.org\/{rel}","templated":true}]}}