{"id":3048,"date":"2022-02-13T10:47:17","date_gmt":"2022-02-13T10:47:17","guid":{"rendered":"https:\/\/malasmeigas.com\/?post_type=product&#038;p=3048"},"modified":"2023-02-07T18:05:24","modified_gmt":"2023-02-07T18:05:24","slug":"l0120-llavero-bandera-de-espana","status":"publish","type":"product","link":"https:\/\/malasmeigas.com\/?product=l0120-llavero-bandera-de-espana","title":{"rendered":"Llavero Bandera de Espa\u00f1a"},"content":{"rendered":"<p>Llavero de Espa\u00f1a, tela el\u00e1stica, muy resistente con pieza en Zamak y Mosquet\u00f3n. Medida 12 x 3 cm. dos colores a elegir<\/p>\n","protected":false},"excerpt":{"rendered":"<p>Llavero de Espa\u00f1a, tela el\u00e1stica, muy resistente con pieza en  [&#8230;]<\/p>\n","protected":false},"featured_media":3052,"comment_status":"open","ping_status":"closed","template":"","meta":[],"product_brand":[],"product_cat":[863],"product_tag":[555,557,556,554,553],"class_list":{"0":"post-3048","1":"product","2":"type-product","3":"status-publish","4":"has-post-thumbnail","6":"product_cat-llaveros","7":"product_tag-bandera-de-espana","8":"product_tag-bandera-espanola","9":"product_tag-espana","10":"product_tag-llavero-bandera-de-espana","11":"product_tag-llavero-espana","12":"pa_color-azul","13":"pa_color-verde","15":"first","16":"instock","17":"featured","18":"taxable","19":"shipping-taxable","20":"purchasable","21":"product-type-variable","22":"has-default-attributes"},"_links":{"self":[{"href":"https:\/\/malasmeigas.com\/index.php?rest_route=\/wp\/v2\/product\/3048","targetHints":{"allow":["GET"]}}],"collection":[{"href":"https:\/\/malasmeigas.com\/index.php?rest_route=\/wp\/v2\/product"}],"about":[{"href":"https:\/\/malasmeigas.com\/index.php?rest_route=\/wp\/v2\/types\/product"}],"replies":[{"embeddable":true,"href":"https:\/\/malasmeigas.com\/index.php?rest_route=%2Fwp%2Fv2%2Fcomments&post=3048"}],"wp:featuredmedia":[{"embeddable":true,"href":"https:\/\/malasmeigas.com\/index.php?rest_route=\/wp\/v2\/media\/3052"}],"wp:attachment":[{"href":"https:\/\/malasmeigas.com\/index.php?rest_route=%2Fwp%2Fv2%2Fmedia&parent=3048"}],"wp:term":[{"taxonomy":"product_brand","embeddable":true,"href":"https:\/\/malasmeigas.com\/index.php?rest_route=%2Fwp%2Fv2%2Fproduct_brand&post=3048"},{"taxonomy":"product_cat","embeddable":true,"href":"https:\/\/malasmeigas.com\/index.php?rest_route=%2Fwp%2Fv2%2Fproduct_cat&post=3048"},{"taxonomy":"product_tag","embeddable":true,"href":"https:\/\/malasmeigas.com\/index.php?rest_route=%2Fwp%2Fv2%2Fproduct_tag&post=3048"}],"curies":[{"name":"wp","href":"https:\/\/api.w.org\/{rel}","templated":true}]}}