{"id":3248,"date":"2022-11-01T10:09:59","date_gmt":"2022-11-01T10:09:59","guid":{"rendered":"https:\/\/malasmeigas.com\/?post_type=product&#038;p=3248"},"modified":"2023-02-07T17:59:34","modified_gmt":"2023-02-07T17:59:34","slug":"colgante-trisquel-celta-en-acero-inoxidable","status":"publish","type":"product","link":"https:\/\/malasmeigas.com\/?product=colgante-trisquel-celta-en-acero-inoxidable","title":{"rendered":"Colgante Trisquel Celta en Acero Inoxidable"},"content":{"rendered":"<p>Colgante de acero inoxidable dise\u00f1o Tisquel Celta.<\/p>\n<p>Tama\u00f1o colgante: 25 mm<\/p>\n<p>Largo cadena: 45 cm<\/p>\n<p>Al estar hecho en acero inoxidable garantiza que no cambia su color ni mancha la piel, adem\u00e1s, es hipoalerg\u00e9nico, no produce alergia.<\/p>\n<p>El Trisquel Celta representa tierra, fuego y agua, la representaci\u00f3n del origen y el fin, la evoluci\u00f3n permanente en busca de la perfecci\u00f3n.<br \/>\nproporciona el equilibrio entre cuerpo, mente y alma<\/p>\n<p>Si tienes alguna consulta, \u00a1escr\u00edbenos!<\/p>\n","protected":false},"excerpt":{"rendered":"<p>Colgante de acero inoxidable dise\u00f1o Tisquel Celta. Tama\u00f1o colgante: 25  [&#8230;]<\/p>\n","protected":false},"featured_media":3232,"comment_status":"open","ping_status":"closed","template":"","meta":[],"product_brand":[],"product_cat":[160,10],"product_tag":[588,105,51,184,589,596,171,119,586,595,598],"class_list":{"0":"post-3248","1":"product","2":"type-product","3":"status-publish","4":"has-post-thumbnail","6":"product_cat-acero","7":"product_cat-colgantes-acero","8":"product_tag-accesorios","9":"product_tag-acero","10":"product_tag-celta","11":"product_tag-colgante-acero","12":"product_tag-colgantes-acero-inoxidable","13":"product_tag-joyeria-en-acero","14":"product_tag-pendientes-acero","15":"product_tag-simbolos-celtas","16":"product_tag-stainlesssteel","17":"product_tag-steel","18":"product_tag-trisquel-acero","20":"first","21":"instock","22":"taxable","23":"shipping-taxable","24":"purchasable","25":"product-type-simple"},"_links":{"self":[{"href":"https:\/\/malasmeigas.com\/index.php?rest_route=\/wp\/v2\/product\/3248","targetHints":{"allow":["GET"]}}],"collection":[{"href":"https:\/\/malasmeigas.com\/index.php?rest_route=\/wp\/v2\/product"}],"about":[{"href":"https:\/\/malasmeigas.com\/index.php?rest_route=\/wp\/v2\/types\/product"}],"replies":[{"embeddable":true,"href":"https:\/\/malasmeigas.com\/index.php?rest_route=%2Fwp%2Fv2%2Fcomments&post=3248"}],"wp:featuredmedia":[{"embeddable":true,"href":"https:\/\/malasmeigas.com\/index.php?rest_route=\/wp\/v2\/media\/3232"}],"wp:attachment":[{"href":"https:\/\/malasmeigas.com\/index.php?rest_route=%2Fwp%2Fv2%2Fmedia&parent=3248"}],"wp:term":[{"taxonomy":"product_brand","embeddable":true,"href":"https:\/\/malasmeigas.com\/index.php?rest_route=%2Fwp%2Fv2%2Fproduct_brand&post=3248"},{"taxonomy":"product_cat","embeddable":true,"href":"https:\/\/malasmeigas.com\/index.php?rest_route=%2Fwp%2Fv2%2Fproduct_cat&post=3248"},{"taxonomy":"product_tag","embeddable":true,"href":"https:\/\/malasmeigas.com\/index.php?rest_route=%2Fwp%2Fv2%2Fproduct_tag&post=3248"}],"curies":[{"name":"wp","href":"https:\/\/api.w.org\/{rel}","templated":true}]}}