{"id":4010,"date":"2023-02-10T17:15:58","date_gmt":"2023-02-10T17:15:58","guid":{"rendered":"https:\/\/malasmeigas.com\/?post_type=product&#038;p=4010"},"modified":"2023-02-10T17:26:28","modified_gmt":"2023-02-10T17:26:28","slug":"pulsera-simbolos-celtas-madera-y-macrame","status":"publish","type":"product","link":"https:\/\/malasmeigas.com\/?product=pulsera-simbolos-celtas-madera-y-macrame","title":{"rendered":"Pulsera S\u00edmbolos Celtas Madera y Macram\u00e9"},"content":{"rendered":"<p>Pulsera con pieza central en madera grabada con Laser,\u00a0 s\u00edmbolos Celtas : Trisquel, Triqueta, Nudo, Espiral, \u00c1rbol de la Vida<\/p>\n<p>Macram\u00e9 en hilo de algod\u00f3n cierre regulable terminaci\u00f3n bolitas metal chapadas en plata.<\/p>\n","protected":false},"excerpt":{"rendered":"<p>Pulsera con pieza central en madera grabada con Laser,\u00a0 s\u00edmbolos  [&#8230;]<\/p>\n","protected":false},"featured_media":4006,"comment_status":"open","ping_status":"closed","template":"","meta":[],"product_brand":[],"product_cat":[12,865],"product_tag":[874,876,577,223,875,871,877,227,873,119,878],"class_list":{"0":"post-4010","1":"product","2":"type-product","3":"status-publish","4":"has-post-thumbnail","6":"product_cat-pulseras","7":"product_cat-pulsera-madera","8":"product_tag-pulsera-celta-madera","9":"product_tag-pulsera-espiral","10":"product_tag-pulsera-macrame","11":"product_tag-pulsera-madera","12":"product_tag-pulsera-nudo-celta","13":"product_tag-pulsera-regulable","14":"product_tag-pulsera-triqueta","15":"product_tag-pulsera-trisquel","16":"product_tag-pulseras-celta","17":"product_tag-simbolos-celtas","18":"product_tag-simbolos-celtas-madera","20":"first","21":"instock","22":"taxable","23":"shipping-taxable","24":"purchasable","25":"product-type-variable"},"_links":{"self":[{"href":"https:\/\/malasmeigas.com\/index.php?rest_route=\/wp\/v2\/product\/4010","targetHints":{"allow":["GET"]}}],"collection":[{"href":"https:\/\/malasmeigas.com\/index.php?rest_route=\/wp\/v2\/product"}],"about":[{"href":"https:\/\/malasmeigas.com\/index.php?rest_route=\/wp\/v2\/types\/product"}],"replies":[{"embeddable":true,"href":"https:\/\/malasmeigas.com\/index.php?rest_route=%2Fwp%2Fv2%2Fcomments&post=4010"}],"wp:featuredmedia":[{"embeddable":true,"href":"https:\/\/malasmeigas.com\/index.php?rest_route=\/wp\/v2\/media\/4006"}],"wp:attachment":[{"href":"https:\/\/malasmeigas.com\/index.php?rest_route=%2Fwp%2Fv2%2Fmedia&parent=4010"}],"wp:term":[{"taxonomy":"product_brand","embeddable":true,"href":"https:\/\/malasmeigas.com\/index.php?rest_route=%2Fwp%2Fv2%2Fproduct_brand&post=4010"},{"taxonomy":"product_cat","embeddable":true,"href":"https:\/\/malasmeigas.com\/index.php?rest_route=%2Fwp%2Fv2%2Fproduct_cat&post=4010"},{"taxonomy":"product_tag","embeddable":true,"href":"https:\/\/malasmeigas.com\/index.php?rest_route=%2Fwp%2Fv2%2Fproduct_tag&post=4010"}],"curies":[{"name":"wp","href":"https:\/\/api.w.org\/{rel}","templated":true}]}}