{"id":4687,"date":"2024-01-02T14:59:16","date_gmt":"2024-01-02T14:59:16","guid":{"rendered":"https:\/\/malasmeigas.com\/?post_type=product&#038;p=4687"},"modified":"2026-02-15T10:47:35","modified_gmt":"2026-02-15T10:47:35","slug":"pulsera-eguzkilore-acero-y-macrame","status":"publish","type":"product","link":"https:\/\/malasmeigas.com\/?product=pulsera-eguzkilore-acero-y-macrame","title":{"rendered":"Pulsera Eguzkilore acero y macram\u00e9"},"content":{"rendered":"<p>Pulsera Eguzkilore en acero y macram\u00e9 regulable en medida.<\/p>\n<p>Pieza de acero Grabada con laser.<\/p>\n<p>Eguzkilorea, es la flor seca del cardo silvestre Carlina acaulis. S\u00edmbolo tradicional que se coloca en la puerta de entrada de los caser\u00edos del Pa\u00eds Vasco como una representaci\u00f3n del sol. Este ahuyenta e impide la entrada a los malos esp\u00edritus.<\/p>\n<p>El material es\u00a0 acero inoxidable\u00a0 por lo que garantiza que no cambia su color ni mancha la piel, adem\u00e1s, es hipoalerg\u00e9nico.<\/p>\n","protected":false},"excerpt":{"rendered":"<p>Pulsera Eguzkilore en acero y macram\u00e9 regulable en medida. Pieza  [&#8230;]<\/p>\n","protected":false},"featured_media":4694,"comment_status":"open","ping_status":"closed","template":"","meta":[],"product_brand":[],"product_cat":[160,12,860,866],"product_tag":[1017,628,631,944,943,1019,640,577,1011,1015,421,1018],"class_list":{"0":"post-4687","1":"product","2":"type-product","3":"status-publish","4":"has-post-thumbnail","6":"product_cat-acero","7":"product_cat-pulseras","8":"product_cat-pulseras-acero","9":"product_cat-pulseras-hilo","10":"product_tag-cardo-eguzkilore","11":"product_tag-eguzkilore","12":"product_tag-eguzkilore-acero","13":"product_tag-eguzkilore-euskadi","14":"product_tag-eguzkilore-vasco","15":"product_tag-flor-del-sol","16":"product_tag-pulsera-eguzkilore","17":"product_tag-pulsera-macrame","18":"product_tag-pulsera-moda","19":"product_tag-pulsera-regalo","20":"product_tag-pulsera-unisex","21":"product_tag-simbolo-solar","22":"pa_color-azulon","23":"pa_color-lila","24":"pa_color-lila-oscuro","25":"pa_color-negro","27":"first","28":"instock","29":"featured","30":"taxable","31":"shipping-taxable","32":"purchasable","33":"product-type-variable"},"_links":{"self":[{"href":"https:\/\/malasmeigas.com\/index.php?rest_route=\/wp\/v2\/product\/4687","targetHints":{"allow":["GET"]}}],"collection":[{"href":"https:\/\/malasmeigas.com\/index.php?rest_route=\/wp\/v2\/product"}],"about":[{"href":"https:\/\/malasmeigas.com\/index.php?rest_route=\/wp\/v2\/types\/product"}],"replies":[{"embeddable":true,"href":"https:\/\/malasmeigas.com\/index.php?rest_route=%2Fwp%2Fv2%2Fcomments&post=4687"}],"wp:featuredmedia":[{"embeddable":true,"href":"https:\/\/malasmeigas.com\/index.php?rest_route=\/wp\/v2\/media\/4694"}],"wp:attachment":[{"href":"https:\/\/malasmeigas.com\/index.php?rest_route=%2Fwp%2Fv2%2Fmedia&parent=4687"}],"wp:term":[{"taxonomy":"product_brand","embeddable":true,"href":"https:\/\/malasmeigas.com\/index.php?rest_route=%2Fwp%2Fv2%2Fproduct_brand&post=4687"},{"taxonomy":"product_cat","embeddable":true,"href":"https:\/\/malasmeigas.com\/index.php?rest_route=%2Fwp%2Fv2%2Fproduct_cat&post=4687"},{"taxonomy":"product_tag","embeddable":true,"href":"https:\/\/malasmeigas.com\/index.php?rest_route=%2Fwp%2Fv2%2Fproduct_tag&post=4687"}],"curies":[{"name":"wp","href":"https:\/\/api.w.org\/{rel}","templated":true}]}}