{"id":4873,"date":"2024-01-08T10:40:58","date_gmt":"2024-01-08T10:40:58","guid":{"rendered":"https:\/\/malasmeigas.com\/?post_type=product&#038;p=4873"},"modified":"2024-01-08T11:28:48","modified_gmt":"2024-01-08T11:28:48","slug":"pulseras-simbolos-celtas-acero","status":"publish","type":"product","link":"https:\/\/malasmeigas.com\/?product=pulseras-simbolos-celtas-acero","title":{"rendered":"Pulseras S\u00edmbolos Celtas Acero y Macram\u00e9"},"content":{"rendered":"<p>Pulsera S\u00edmbolos Celtas en acero pieza 18 mm y macram\u00e9 en varios colores a elegir.<\/p>\n<p>El acero inoxidable \u00a0garantiza que no cambia su color ni mancha la piel, adem\u00e1s, es hipoalerg\u00e9nico.<\/p>\n","protected":false},"excerpt":{"rendered":"<p>Pulsera S\u00edmbolos Celtas en acero pieza 18 mm y macram\u00e9  [&#8230;]<\/p>\n","protected":false},"featured_media":4944,"comment_status":"open","ping_status":"closed","template":"","meta":[],"product_brand":[],"product_cat":[160,12,860,1041],"product_tag":[161,1043,876,1044,605,930,1042,583,877,227,1035],"class_list":{"0":"post-4873","1":"product","2":"type-product","3":"status-publish","4":"has-post-thumbnail","6":"product_cat-acero","7":"product_cat-pulseras","8":"product_cat-pulseras-acero","9":"product_cat-pulseras-acero-acero","10":"product_tag-pulsera-acero","11":"product_tag-pulsera-asturias","12":"product_tag-pulsera-espiral","13":"product_tag-pulsera-euskadi","14":"product_tag-pulsera-galicia","15":"product_tag-pulsera-lauburu","16":"product_tag-pulsera-nudo","17":"product_tag-pulsera-simbolos-celtas","18":"product_tag-pulsera-triqueta","19":"product_tag-pulsera-trisquel","20":"product_tag-simbolos-celtas-acero","21":"pa_color-azulon","22":"pa_color-lila","23":"pa_color-lila-oscuro","24":"pa_color-negro","25":"pa_color-rojo","27":"first","28":"instock","29":"taxable","30":"shipping-taxable","31":"purchasable","32":"product-type-variable"},"_links":{"self":[{"href":"https:\/\/malasmeigas.com\/index.php?rest_route=\/wp\/v2\/product\/4873","targetHints":{"allow":["GET"]}}],"collection":[{"href":"https:\/\/malasmeigas.com\/index.php?rest_route=\/wp\/v2\/product"}],"about":[{"href":"https:\/\/malasmeigas.com\/index.php?rest_route=\/wp\/v2\/types\/product"}],"replies":[{"embeddable":true,"href":"https:\/\/malasmeigas.com\/index.php?rest_route=%2Fwp%2Fv2%2Fcomments&post=4873"}],"wp:featuredmedia":[{"embeddable":true,"href":"https:\/\/malasmeigas.com\/index.php?rest_route=\/wp\/v2\/media\/4944"}],"wp:attachment":[{"href":"https:\/\/malasmeigas.com\/index.php?rest_route=%2Fwp%2Fv2%2Fmedia&parent=4873"}],"wp:term":[{"taxonomy":"product_brand","embeddable":true,"href":"https:\/\/malasmeigas.com\/index.php?rest_route=%2Fwp%2Fv2%2Fproduct_brand&post=4873"},{"taxonomy":"product_cat","embeddable":true,"href":"https:\/\/malasmeigas.com\/index.php?rest_route=%2Fwp%2Fv2%2Fproduct_cat&post=4873"},{"taxonomy":"product_tag","embeddable":true,"href":"https:\/\/malasmeigas.com\/index.php?rest_route=%2Fwp%2Fv2%2Fproduct_tag&post=4873"}],"curies":[{"name":"wp","href":"https:\/\/api.w.org\/{rel}","templated":true}]}}