{"id":5251,"date":"2024-12-04T15:41:59","date_gmt":"2024-12-04T15:41:59","guid":{"rendered":"https:\/\/malasmeigas.com\/?post_type=product&#038;p=5251"},"modified":"2024-12-04T15:51:52","modified_gmt":"2024-12-04T15:51:52","slug":"colgante-acero-y-piedras-arbol-de-la-vida","status":"publish","type":"product","link":"https:\/\/malasmeigas.com\/?product=colgante-acero-y-piedras-arbol-de-la-vida","title":{"rendered":"Colgante Acero  y piedras \u00c1rbol de la vida"},"content":{"rendered":"<p>Colgante en Acero y piedras , S\u00edmbolo \u00c1rbol de la vida<\/p>\n<p>Tama\u00f1o colgante\u00a0 : 25 mm<\/p>\n<p>Largo cadena: 45 cm<\/p>\n<p>Al estar hecho en acero inoxidable garantiza que no cambia su color ni mancha la piel, adem\u00e1s, es hipoalerg\u00e9nico, no produce alergia.<\/p>\n<p>El \u00e1rbol de la vida simboliza la conexi\u00f3n con el entorno ya sea en el plano f\u00edsico como en el espiritual. Se puede observar en las ra\u00edces (el origen) y en las ramas la conexi\u00f3n con la gente como con el universo. Representaci\u00f3n de la sabidur\u00eda, el conocimiento y la conciencia de uno mismo y del entorno<\/p>\n<p>Si tienes alguna consulta, \u00a1escr\u00edbenos!<\/p>\n<p>&nbsp;<\/p>\n<p>&nbsp;<\/p>\n","protected":false},"excerpt":{"rendered":"<p>Colgante en Acero y piedras , S\u00edmbolo \u00c1rbol de la  [&#8230;]<\/p>\n","protected":false},"featured_media":5253,"comment_status":"open","ping_status":"closed","template":"","meta":[],"product_brand":[],"product_cat":[160,10],"product_tag":[588,105,173,174,1099,363,51,571,589,46,119,587,586],"class_list":{"0":"post-5251","1":"product","2":"type-product","3":"status-publish","4":"has-post-thumbnail","6":"product_cat-acero","7":"product_cat-colgantes-acero","8":"product_tag-accesorios","9":"product_tag-acero","10":"product_tag-arbol","11":"product_tag-arbol-de-la-vida","12":"product_tag-arbol-piedras","13":"product_tag-artesania-de-galicia","14":"product_tag-celta","15":"product_tag-colgante-arbol-de-la-vida","16":"product_tag-colgantes-acero-inoxidable","17":"product_tag-motivos-celtas","18":"product_tag-simbolos-celtas","19":"product_tag-stainless-steel","20":"product_tag-stainlesssteel","22":"first","23":"instock","24":"taxable","25":"shipping-taxable","26":"purchasable","27":"product-type-variable"},"_links":{"self":[{"href":"https:\/\/malasmeigas.com\/index.php?rest_route=\/wp\/v2\/product\/5251","targetHints":{"allow":["GET"]}}],"collection":[{"href":"https:\/\/malasmeigas.com\/index.php?rest_route=\/wp\/v2\/product"}],"about":[{"href":"https:\/\/malasmeigas.com\/index.php?rest_route=\/wp\/v2\/types\/product"}],"replies":[{"embeddable":true,"href":"https:\/\/malasmeigas.com\/index.php?rest_route=%2Fwp%2Fv2%2Fcomments&post=5251"}],"wp:featuredmedia":[{"embeddable":true,"href":"https:\/\/malasmeigas.com\/index.php?rest_route=\/wp\/v2\/media\/5253"}],"wp:attachment":[{"href":"https:\/\/malasmeigas.com\/index.php?rest_route=%2Fwp%2Fv2%2Fmedia&parent=5251"}],"wp:term":[{"taxonomy":"product_brand","embeddable":true,"href":"https:\/\/malasmeigas.com\/index.php?rest_route=%2Fwp%2Fv2%2Fproduct_brand&post=5251"},{"taxonomy":"product_cat","embeddable":true,"href":"https:\/\/malasmeigas.com\/index.php?rest_route=%2Fwp%2Fv2%2Fproduct_cat&post=5251"},{"taxonomy":"product_tag","embeddable":true,"href":"https:\/\/malasmeigas.com\/index.php?rest_route=%2Fwp%2Fv2%2Fproduct_tag&post=5251"}],"curies":[{"name":"wp","href":"https:\/\/api.w.org\/{rel}","templated":true}]}}