{"id":5265,"date":"2024-12-05T11:29:05","date_gmt":"2024-12-05T11:29:05","guid":{"rendered":"https:\/\/malasmeigas.com\/?post_type=product&#038;p=5265"},"modified":"2024-12-20T17:02:58","modified_gmt":"2024-12-20T17:02:58","slug":"pulseras-arbol-metal-piedras-y-macrame","status":"publish","type":"product","link":"https:\/\/malasmeigas.com\/?product=pulseras-arbol-metal-piedras-y-macrame","title":{"rendered":"Pulseras \u00c1rbol metal, piedras y Macram\u00e9"},"content":{"rendered":"<p>Pulsera \u00c1rbol de la Vida\u00a0 en metal y piedras. pieza 19 mm y macram\u00e9 en varios colores a elegir.<\/p>\n<p>&nbsp;<\/p>\n","protected":false},"excerpt":{"rendered":"<p>Pulsera \u00c1rbol de la Vida\u00a0 en metal y piedras. pieza  [&#8230;]<\/p>\n","protected":false},"featured_media":5299,"comment_status":"open","ping_status":"closed","template":"","meta":[],"product_brand":[],"product_cat":[12,866],"product_tag":[174,1100,376,379,578,27,605,577,583],"class_list":{"0":"post-5265","1":"product","2":"type-product","3":"status-publish","4":"has-post-thumbnail","6":"product_cat-pulseras","7":"product_cat-pulseras-hilo","8":"product_tag-arbol-de-la-vida","9":"product_tag-macrame","10":"product_tag-pulsera-ajustable","11":"product_tag-pulsera-arbol","12":"product_tag-pulsera-arbol-de-la-vida","13":"product_tag-pulsera-celta","14":"product_tag-pulsera-galicia","15":"product_tag-pulsera-macrame","16":"product_tag-pulsera-simbolos-celtas","17":"pa_color-azulon","18":"pa_color-lila","19":"pa_color-negro","20":"pa_color-rojo","22":"first","23":"instock","24":"taxable","25":"shipping-taxable","26":"purchasable","27":"product-type-variable"},"_links":{"self":[{"href":"https:\/\/malasmeigas.com\/index.php?rest_route=\/wp\/v2\/product\/5265","targetHints":{"allow":["GET"]}}],"collection":[{"href":"https:\/\/malasmeigas.com\/index.php?rest_route=\/wp\/v2\/product"}],"about":[{"href":"https:\/\/malasmeigas.com\/index.php?rest_route=\/wp\/v2\/types\/product"}],"replies":[{"embeddable":true,"href":"https:\/\/malasmeigas.com\/index.php?rest_route=%2Fwp%2Fv2%2Fcomments&post=5265"}],"wp:featuredmedia":[{"embeddable":true,"href":"https:\/\/malasmeigas.com\/index.php?rest_route=\/wp\/v2\/media\/5299"}],"wp:attachment":[{"href":"https:\/\/malasmeigas.com\/index.php?rest_route=%2Fwp%2Fv2%2Fmedia&parent=5265"}],"wp:term":[{"taxonomy":"product_brand","embeddable":true,"href":"https:\/\/malasmeigas.com\/index.php?rest_route=%2Fwp%2Fv2%2Fproduct_brand&post=5265"},{"taxonomy":"product_cat","embeddable":true,"href":"https:\/\/malasmeigas.com\/index.php?rest_route=%2Fwp%2Fv2%2Fproduct_cat&post=5265"},{"taxonomy":"product_tag","embeddable":true,"href":"https:\/\/malasmeigas.com\/index.php?rest_route=%2Fwp%2Fv2%2Fproduct_tag&post=5265"}],"curies":[{"name":"wp","href":"https:\/\/api.w.org\/{rel}","templated":true}]}}